 + 78857, -5*b - 2*l - 52821 - 341458 = 0. Is (4/6)/(-2 - 157720/b) a prime number?
False
Suppose 61*w = 58*w - 6. Let y be (12 - 12) + (-2)/w + 267. Suppose -y = -t - t. Is t a prime number?
False
Let k be -2 + 1 + 5 + -15 + 2. Let w be 3 + k - -4 - -5. Suppose 3*g - w*j - 511 - 983 = 0, 0 = 5*g - 4*j - 2491. Is g a prime number?
True
Suppose 22*f + 12087 = -3621. Let b = 6737 - f. Is b a prime number?
True
Let p be ((-2)/(-6))/((-11)/(-132)). Let r(z) = -4*z - 1 + 7 - p + 15*z**3 - 5. Is r(4) composite?
False
Let s(z) be the first derivative of -6 - 185/2*z**2 - 23*z. Is s(-6) a composite number?
False
Suppose -p + 2*t - 67 = -6*p, 44 = 3*p + 5*t. Suppose -15*z = -p*z - 576. Suppose z + 1388 = 4*v. Is v prime?
True
Let t(p) = 6 - 24 - 1 + 130*p. Let d be (-7850)/628*2/(-5). Is t(d) prime?
True
Is (-426557)/(-9) + 34/(-72) + 32/128 a prime number?
False
Suppose 6*d - 8*d - 4 = 0, -5*f = 5*d - 140255. Suppose 5*b = 2*c + 8*b - f, 0 = -4*b + 20. Is c a prime number?
False
Suppose 0 = -32*o + 5723993 + 3948359. Is o a prime number?
True
Let f be ((3 - 2)/3)/((-1)/(-21)). Is -7 - f/(49/(-41832)) prime?
False
Is 4*18074/112*106 composite?
True
Suppose 4*s + q = 171148, -2*s - 4*q + 171148 = 2*s. Is s prime?
True
Suppose u - 6*u = -265. Let b = u + -50. Let g(f) = 38*f**2 - 7*f + 26. Is g(b) composite?
False
Let t(b) = 13067*b**2 - 10*b - 47. Let r be t(-3). Is (-27)/216 + r/16 a composite number?
False
Suppose 1279*p - 1240*p - 8283327 = 0. Is p a composite number?
True
Let o(d) = 5*d**2 - 5*d - 135. Let m be o(18). Suppose m = -3*j + 4029. Is j a composite number?
True
Let v(r) = 9*r - 7. Let g be v(7). Suppose -78 = -w - 4*x, 2*w - 58 = 4*x + 38. Suppose 0 = g*a - w*a + 634. Is a prime?
True
Let y(l) = 12*l**3 + 17*l**2 + 21*l - 153. Is y(16) composite?
True
Suppose -203 = -10*j + 17. Suppose 19 - j = d. Is (-1)/4 + (-639)/4*d a prime number?
True
Let g(y) = 4*y**2 - 11*y + 10. Let x be g(1). Is ((0 + -3)/x)/1*-6709 prime?
True
Suppose -9*l = 22*l - 13*l - 22853538. Is l a composite number?
False
Let c(q) = -q**3 + 2*q**2 + q - 888. Let s be c(0). Is (-508)/(-6)*s/(-16) prime?
False
Suppose -s - 4*u + 5277 = 0, 3*u + 6491 + 4041 = 2*s. Is s prime?
False
Suppose -y - 9 = 2*y. Let f(o) = 3*o**3 - o**2 - 5*o - 4. Let w be f(y). Let t = w + 116. Is t a composite number?
False
Suppose 50*j - 4015460 = 30*j. Is j prime?
False
Let m(l) be the second derivative of l**8/6720 + l**7/252 + l**6/180 + l**4/4 - 12*l. Let t(v) be the third derivative of m(v). Is t(-7) a composite number?
True
Let x = -3352 - -56135. Is x a composite number?
False
Let c(i) = i**2 - i - 9. Let l be c(4). Suppose p - 73 = l*g + g, -2*g - 29 = p. Is (g/(-2))/(-3*3/(-738)) a composite number?
True
Suppose 2*c = 4*y - 206, -3*y - 123 = 3*c + 177. Let g = 103 + c. Suppose -g*j + 246 = 2*v, 2*j + 246 = v + v. Is v composite?
True
Suppose 0 = -17*v + 295499 + 156174. Is v composite?
True
Is (225/(-125))/(1/5) - -258404 composite?
True
Let n = -1995 + 28820. Let h be (-1)/(-4)*(n + -21). Suppose -h = 7*m - 21072. Is m composite?
False
Let y = 183 + -183. Suppose y = -5*a + 3231 - 416. Is a composite?
False
Let h(l) be the third derivative of 45*l**4/4 + 7*l**3/6 - l**2. Let t = 11323 - 11312. Is h(t) a composite number?
True
Suppose 0 = -125*i + 133*i - 15123736. Is i a composite number?
False
Let w(j) = -58*j - 58. Let o be w(-1). Let n(y) = -12*y + 958. Let k(h) = -8*h + 639. Let x(t) = -7*k(t) + 5*n(t). Is x(o) prime?
True
Let h be 1*((-2)/2 + 284). Let t = -6454 - -6582. Let v = h - t. Is v prime?
False
Let y(d) = -4*d**2 + d - 38. Let p be y(4). Let z be 543 + -2 + (-4)/(-2). Let j = p + z. Is j prime?
False
Suppose k + 115*p = 110*p + 263822, p + 1055225 = 4*k. Is k prime?
False
Is (-2)/8 + 124/620 + (-14000202)/(-40) a composite number?
True
Let s = 21 + -27. Let f be (s/(-15))/((-4)/1860). Let v = -7 - f. Is v composite?
False
Let g = -212 - -214. Suppose 4*f = -5*j + 5057, -g*j + 4*f = 3*j - 5033. Is j composite?
False
Let i be (-2)/3*1 - (-3715)/15. Suppose u - i = -u + r, 5*r + 259 = 2*u. Is (-2)/(-4)*(u + -4) prime?
True
Let b = -593 + 361. Let x = b + 137. Let g = 154 + x. Is g composite?
False
Suppose 5*w - 73135 = m + 65258, m = -6*w + 166076. Is w a composite number?
True
Suppose -77*m - 2426956 = -105*m. Is m a prime number?
True
Let w(t) = -10 + 6 - t**2 + 16 - 6*t. Let o be w(-7). Suppose 2*j = 6*j - 16, -5*h - o*j = -745. Is h a composite number?
True
Let s(v) = -v**3 - 61*v**2 + 4*v - 103. Is s(-77) a composite number?
True
Let u(n) = 4863*n + 1151. Is u(25) prime?
False
Let c(x) = 1180*x + 158. Let i be c(10). Suppose 6*g - i = 15720. Is g composite?
True
Let i(l) = 9524*l + 141. Is i(8) composite?
False
Let j(x) = -x**2 - 16*x + 34. Let r be j(-21). Let l = -37 - r. Suppose m = l + 33. Is m prime?
True
Suppose -18*i - 3*v = -21*i + 662364, -v + 883187 = 4*i. Is i prime?
False
Suppose -46*m = -45*m - 2. Suppose y - 58851 = -5*v, m*v + 4*y = y + 23530. Is v a prime number?
False
Suppose -2*b + 4 = v - 6, -4*b - v = -16. Suppose -5*i + t = -t - 78, -3*i - b*t = -30. Is (26 - 1) + 0 - 28/i a composite number?
False
Suppose 811582 = 62*u - 8233660. Is u prime?
False
Let j(m) = 277*m + 9. Let n be (8/(-6))/(36/(-81)). Let o be j(n). Is 0 - -3 - (o/1)/(-6) a prime number?
False
Let s = 15623 + -9646. Let j = s + -690. Is j a composite number?
True
Let f = 2719104 + -1409853. Is f prime?
False
Let t = -2991 + 2104. Let y = t + 2716. Is y a prime number?
False
Let m = -2626811 - -3795622. Is m a composite number?
True
Suppose 4*l - 5*x - 1559174 = -188033, -4*l + x = -1371121. Is l a prime number?
False
Let p(m) = 360*m - 41. Let u be p(6). Suppose -z + 6837 = 4*q, -4*q + u = 2*z - 11535. Is z prime?
False
Let i(x) = 65*x**3 + x - 1. Suppose 3*l - 29 = -4*z, -l + 3*z = -5*l + 34. Let k = l - 6. Is i(k) prime?
False
Suppose 13 = 2*o + 9, -2*k = o - 315420. Is k a prime number?
False
Let f be (-4)/(-3)*(-12 + 5 + 16147). Is f/12 + (-2)/6 composite?
True
Suppose -3*l - 72441 = -3*j, -14*j - 24127 = -15*j - 4*l. Is j a prime number?
False
Let k(q) = 236*q + 19. Let j(d) = -472*d - 38. Let l(b) = -6*j(b) - 11*k(b). Let r be l(4). Suppose 0 = a + 4*g - 1153, a - 175 = g + r. Is a composite?
True
Let o(g) = -6*g**2 + 47*g - 41. Let m(b) = 3*b**2 - 24*b + 20. Let y(a) = -5*m(a) - 3*o(a). Is y(10) composite?
False
Let b = 3952 - 6935. Suppose 9766 - 1818 = -4*j + 5*n, 0 = -3*j - 3*n - 5988. Let w = j - b. Is w composite?
False
Let i(s) = s**3 - 3*s**2 - 5*s + 10. Let m be i(4). Is 3804/m*8/16 a composite number?
False
Let s(z) = 1959*z**2 + 7*z + 5. Let g be s(-2). Suppose -475*t + 472*t = -g. Is t composite?
False
Suppose -i + 1756 + 7769 = -3*u, 0 = 2*i. Let q = u + 7656. Is q prime?
True
Suppose -2*h + 31565 = -1307. Suppose h = 25*w - 64139. Is w composite?
True
Suppose 5*x = 54*l - 52*l + 1368001, -4*x - 6*l + 1094416 = 0. Is x composite?
False
Suppose -273299 = -120*d + 59887621. Is d a composite number?
False
Let n be -5*(32/(-20) - -2). Let v be 3/n*3340/15. Let h = 513 + v. Is h a composite number?
False
Suppose -1368553 = 2*o - w, -o - w = 309959 + 374313. Is o/(-909) + 2/9 composite?
True
Let v(d) = 14*d**3 - 5*d**2 - 23*d + 13. Let r(m) = -2*m**3 + m. Let p(c) = 4*r(c) + v(c). Is p(7) prime?
True
Suppose -h - 170 = -4*y + 2*h, 3*y = -5*h + 142. Suppose 0 = 8*g - 4*g - y. Let z(f) = 5*f**2 + f + 15. Is z(g) a composite number?
False
Let v(u) = -u**2 - 24*u + 84. Let p be v(-27). Suppose -3*t + 27452 = -g, -2*t = -p*g - g - 18318. Is t a prime number?
False
Let x(g) = 10627*g**2 - 849*g - 7757. Is x(-9) prime?
False
Let i(k) = -24485*k + 11482. Is i(-27) prime?
True
Let g = -120227 + 228978. Is g a composite number?
False
Suppose -25*i + 165403 = -54172. Let l = i + -4344. Is l a prime number?
False
Let r = -6067 + 14027. Let h = -3269 + r. Is h composite?
False
Is (9 - 7457*(4 - 0))/(2/(-14)) prime?
False
Let s be (-3)/(27/(-18) - -2). Is (-2422401)/(-24) + s/16 a prime number?
False
Suppose 5511149 = 42*l - 1344805. Is l composite?
True
Let o = -118 + 118. Let y be (4 - -1 - o) + -7. Let h(t) = -71*t**3 + 3. Is h(y) a composite number?
False
Let b(s) be the second derivative of 7*s**4 + 13*s**3/6 - 18*s**2 - 53*s. Is b(5) prime?
True
Suppose 25*o + 7876 - 422447 =